431). Suppose -d*q + 189*q - 47 = -3*y, 4*q = -4*y + 52. What is the remainder when g is divided by y?
15
Let s(m) = -3*m + 63. Let j be s(17). Suppose -420 = -j*u + 72. What is the remainder when 120 is divided by u?
38
Let u be -1 + (80 - (0 + 0)). Let j = -55 + u. Suppose 0 = 15*f - 11*f - j. Calculate the remainder when 22 is divided by f.
4
Let m = -7127 + 7131. What is the remainder when 9327 is divided by m?
3
Calculate the remainder when 5323 is divided by 299 - 298 - -482*(3/(-2) - -2).
241
Let o(g) = g + 1. Let z be o(3). Suppose -a - 17 = -3*j, -12 = -z*a + 2*j - 6*j. Calculate the remainder when 72 is divided by 13/a*(-4 + (-2 - -2)).
20
Let x be 1/((-4)/(-6)*(-66)/(-6292)). Suppose -20*j + 7*j = -x. Calculate the remainder when 51 is divided by j.
7
Let g(r) = -4*r - 7. Let m be g(1). Let d(s) = -19*s - 12. Calculate the remainder when d(m) is divided by 33.
32
Let j = 2675 + 1510. What is the remainder when j is divided by 23?
22
Let t = -45613 - -45657. What is the remainder when t is divided by 3/1 + 2/2?
0
Suppose -45075 - 33165 - 19365 = -241*m. What is the remainder when m is divided by 204?
201
Let r(m) = 5*m**2 - 36*m - 25. What is the remainder when 2407 is divided by r(8)?
6
Let i(g) = -g**2 - 84*g - 231. Let d be i(-3). Let w = 32 + -22. Suppose 5*s - 80 = -w*n + 5*n, n - d = -2*s. What is the remainder when n is divided by 7?
6
Let u(n) = -6*n**2 + 0*n + 6*n**2 + n**2 + 26*n - 5. What is the remainder when u(-28) is divided by (-1)/(-4) - 10/((-40)/51)?
12
Suppose -3*z - 5 = -2*h - 3*h, 0 = z + h - 9. Suppose -z*l = -2*m + 3, m - 5*l = -0*l + 4. Calculate the remainder when 107 is divided by 1/m*-16 - (1 + -3).
17
Suppose -6*i = 333 - 3213. Let h = 498 - i. What is the remainder when 61 is divided by h?
7
Let a(h) = 19*h**3 - 6*h**2 + 12*h - 12. Calculate the remainder when 37 is divided by a(1).
11
Suppose -5*p + 0*p + 240 = 5*n, -4*n + 242 = 5*p. What is the remainder when (-32 + (-1743)/(-98))*-14 is divided by p?
49
Let o = -2611 - -2827. What is the remainder when o is divided by 100?
16
Suppose -134*b + 2644 = -132*b - 2*p, -b + 1317 = 4*p. What is the remainder when b is divided by 166?
159
Suppose g = -8*g + 1071. Let n = -65 + g. What is the remainder when 73 is divided by n?
19
Let k = 5039 + -4879. Calculate the remainder when 792 is divided by k.
152
Let x = -2 - -6. Let r = -18 - -32. What is the remainder when (-2795)/(-55) + x/22 is divided by r?
9
Let b(v) = -128*v - 4788. Calculate the remainder when 473 is divided by b(-38).
17
Let i(s) = 29*s**2 + 39*s + 375. Calculate the remainder when i(-6) is divided by 581.
23
Let j(q) = -q**3 + 10*q**2 + 12*q - 2. Let l be (-180)/(-22) + 20/(-110). Let k be l + 1 - (-3)/(9/6). Calculate the remainder when 28 is divided by j(k).
1
Suppose 4*y = -5*l + 3428, -3*y + 0*y + 679 = l. Suppose 373*c + 358*c + 5892 = 719*c. Let p = c + l. What is the remainder when p is divided by 11?
10
Let x be 36/2*(1 + 4/(-6)). Calculate the remainder when 3/(3780/(-632) + x) is divided by 18.
14
Let u = 2732 + -2685. Calculate the remainder when 174 is divided by u.
33
Let k = 44 + -2. Let o = -69 + 106. Let b = o - 22. Calculate the remainder when k is divided by b.
12
Let a(r) = r**2 - 73*r + 382. What is the remainder when a(69) is divided by 36?
34
Suppose 77*f + 10500 = 105*f. What is the remainder when f is divided by 375?
0
Let q(n) = 2*n**2 - 8 - 5*n + 10*n + 3. Let c = -81 - -207. What is the remainder when c is divided by q(2)?
9
Let m(b) = 36*b - 1484. Let v(n) = -5*n + 211. Let x(d) = -3*m(d) - 20*v(d). What is the remainder when 113 is divided by x(27)?
1
Suppose 5*k = -20, -k = -2*y - 3*y + 514. Let j = -8935 - -8872. Let z = j + y. What is the remainder when z is divided by 8?
7
Suppose 0*w - 16*w + 144 = 0. Calculate the remainder when 54 is divided by (-12)/(w/(-3)) + 75/3.
25
Let y(t) = 2*t**2 - 13*t - 7. Let d be y(7). Suppose d = -5*n - 12 + 82. What is the remainder when 333 is divided by n?
11
What is the remainder when 3280 is divided by (-32)/112 - (-20)/(-14)*-59?
4
Let x(t) = 6*t + 12. Let i be x(11). Let z = i + -54. Suppose 4*w + 2*b = -3*b + 196, w = 5*b + z. Calculate the remainder when w is divided by 15.
14
What is the remainder when 1979 - 36/((-84)/21) is divided by 105?
98
Let t be 4/10 - 30/(-50). Let j(d) = 34*d**3 + 2*d**2 - d - 1. What is the remainder when 92 is divided by j(t)?
24
Suppose 999 - 1059 = -10*l. What is the remainder when 2001 is divided by l?
3
Let c(n) = -n - 16. Let f be (0 + 6/(-12))*46. Calculate the remainder when 39 is divided by c(f).
4
Let g(z) be the second derivative of z**4/12 + 5*z**3/6 - 13*z**2 - 3*z + 43. Let y be 260/30 + 4/(-6). Calculate the remainder when g(y) is divided by 21.
15
Let p = -270 - -88. Let w = -174 - p. Calculate the remainder when 10 is divided by w.
2
Let k be (77/3 - -1)*(-37 - -70). Suppose -4*c + k = 4*u + u, -2*c - 4*u + 434 = 0. Calculate the remainder when c is divided by 38.
35
Let s(y) = 31*y + 6. Let a be s(3). Suppose a = 2*l - 221. Suppose 3*b - l = -25. What is the remainder when b is divided by 24?
21
What is the remainder when 522 is divided by (-2)/(-4)*(-13 + -11 + 324)?
72
Let t = -23 - -34. Suppose s = 2*o - 24 - 788, 2029 = 5*o - 2*s. Suppose 5*i - o + 320 = 0. What is the remainder when i is divided by t?
6
Let w be 3*-5*(-221)/51 + 1. Suppose -w = -8*r + 334. What is the remainder when 53 is divided by r?
3
Suppose 102*u = 20756 - 6272. Calculate the remainder when u is divided by 91.
51
Suppose -34 = 12*d - 94. What is the remainder when 1*(d + -3) + 75 is divided by 21?
14
Suppose -24*c - 5*c - 21*c = -9850. Calculate the remainder when 353 is divided by c.
156
Let d = 43 - 10. Suppose -3*f = 21 + d. What is the remainder when 5 is divided by f/(-5) + 2/5?
1
Suppose 1459 = 3*u - z, 2*u = -2*z - 169 + 1131. Calculate the remainder when u is divided by 8.
5
What is the remainder when (-904)/(-22) - (-246)/(-2706) is divided by 22?
19
Let n(o) = 4*o**2 - o + 8. Let w be n(-3). Suppose 44*c = w*c - 30. What is the remainder when (2/16*-14)/(4/(-128)) is divided by c?
6
Suppose 0 = 3*m + 5*m - 256. Suppose -3*x - x = -m. Let t = x - -2. Calculate the remainder when 48 is divided by t.
8
Suppose z - 119 = -3*k, -61*k = -60*k + 3*z - 21. What is the remainder when 629 is divided by k?
41
Suppose 14*b - 1096 + 6904 = 102*b. Calculate the remainder when b is divided by 33.
0
Let g(c) = 8*c**2 + 20*c + 27. Let s be g(-6). Let u = s + -179. Calculate the remainder when 42 is divided by u.
10
Suppose 14*t - 303 = 943. Suppose -5*f - u = -293, -3*f - t = -u - 260. Calculate the remainder when f is divided by 20*((-64)/20)/(-4).
10
Let v(a) = 65*a**3 - 9*a**2 - a - 10. Calculate the remainder when v(2) is divided by 123.
103
Suppose 0*f = -3*f + 39. Suppose 2*q - 15 = -3*n + f, 4*n = 8. What is the remainder when q is divided by 6?
5
Let j = 40 - 19. Let u(r) = 7*r**2 - 31*r - 101. What is the remainder when u(-3) is divided by j?
13
Suppose -5*w = -w - 108. Let j(a) = 27*a - a**2 - 2 + 4 + 6. What is the remainder when 14 is divided by j(w)?
6
Suppose -72 = -13*b + 58. Suppose b*w - 1818 = -8*w. What is the remainder when w is divided by (2 + 2)*(-26)/(-4)?
23
Let v = -14039 - -17378. What is the remainder when v is divided by 833?
7
Suppose -56 = -20*r - 8*r. Suppose -2*l = x - 213, r*l - 3*x - 219 = -2. Calculate the remainder when l is divided by 10.
7
Let t = 709 + -742. Suppose -5*n - 3*l = 214, -5*l = 5*n + 297 - 77. Let c = t - n. What is the remainder when 45 is divided by c?
5
Suppose -4*g - 870 = -5*n + 263, 0 = -4*n - 4*g + 964. Calculate the remainder when 3963 is divided by n.
2
Let m = 1411 + -1374. What is the remainder when 126 is divided by m?
15
Let l = 546 + 208. Suppose -11*r = 2*r - l. What is the remainder when 230 is divided by r?
56
Calculate the remainder when (-259 - -243)*((-2 - -3) + 517/(-4)) is divided by 66.
6
Let u = -7234 + 7920. What is the remainder when u is divided by 142?
118
Suppose 429 = 3*j + 87. What is the remainder when j is divided by 5676/231 - 12/(-28)?
14
Suppose 6*c = 5*c + 1, l - 2*c - 6 = 0. Suppose 0 = 3*i - 3*s - 120, l = i - 4*s - 47. Calculate the remainder when i is divided by 12.
11
Suppose 3*d = -k + 238 - 30, -3*k = -4*